 of x.
19
Suppose -5*v = -2*p - 3*p - 5, -2*p - 4*v - 2 = 0. What are the prime factors of (21 + 3 - p) + 3?
2, 7
Let p = 32 - 28. Suppose -148 - 392 = -p*z. List the prime factors of z.
3, 5
Let g(p) = p**3 - 16*p**2 + p - 22. Let w be g(16). What are the prime factors of w - 4/(-1) - (-180)/1?
2, 89
Suppose -53*r = -49*r - 1964. What are the prime factors of r?
491
Let x(p) = -p + 1. Let w be x(-2). Let h = 0 + 0. Suppose 0 = -w*j - 2*d + 65, h = -j + 4*d + 30 - 13. List the prime factors of j.
3, 7
Suppose 5*t - 26600 = -5*z, -t + 5 = 10. List the prime factors of z.
3, 5, 71
Let l be (80/(-64))/(2/(-16)). Let b = l - -35. What are the prime factors of b?
3, 5
Let n(r) = -29*r**3 + 4*r**2 - 5*r - 8. List the prime factors of n(-4).
2, 3, 7, 23
Let f be (2 - (-4 + 16))*3. Let a = f + 50. List the prime factors of a.
2, 5
Let t be 18/(-4)*(-12 - 0). Let z be (-1 + 14/6)*(-12)/(-8). Suppose -2*n - z*j - t = -6*n, -3 = -n - 3*j. List the prime factors of n.
2, 3
Suppose -3*k = 2*k - 190. Suppose -2*v = -3*x - 112, 3*v - 174 = 4*x - x. Let l = v - k. What are the prime factors of l?
2, 3
Suppose 2*t = 3*t - 5. Suppose -100 = -t*g + 45. Let w = -11 + g. What are the prime factors of w?
2, 3
Let g = 3154 + -882. List the prime factors of g.
2, 71
Suppose -4*d - 7 = -q, -3*q + 5*d + 14 = -7*q. List the prime factors of q + 1/((-22)/(-20) - 1).
3
Let p be -2*5/10 - -1. Suppose p = -13*l + 170 + 1221. What are the prime factors of l?
107
Suppose 5*h - 22 = 4*u, 2*u + 6 = h - 8. Let l(y) = -4*y - 9. Let g be l(u). Let k = g + -8. What are the prime factors of k?
3, 5
Let w be 17 - (-6)/(4 - 1). Suppose -2*o = -141 + 65. Let j = o - w. What are the prime factors of j?
19
Let d(u) = -u**3 - 2*u**2 + u - 4. Let y be d(-3). Suppose -y*b - 5 = -3, -3*s = -b + 101. Let h = -26 - s. What are the prime factors of h?
2
Suppose 0*v + 39864 = 22*v. List the prime factors of v.
2, 3, 151
Suppose -2*i - 4*w + 19 = -w, 0 = -i + w - 3. Suppose -6*n - i*n = -528. What are the prime factors of n?
2, 3, 11
Let p(i) = i**2 + 13*i + 8. Let x be p(-9). Let d = x + 52. What are the prime factors of d?
2, 3
Let r(p) = -p**3 + 24*p**2 - 36*p - 46. What are the prime factors of r(19)?
5, 43
Suppose 2*z = 6*z - 16. Suppose -30 + 10 = z*c. What are the prime factors of 3/((75/(-385))/c)?
7, 11
Let a be (5 + 1)*(-165)/30. Let t be 3/4 - (-45)/36. Let l = t - a. What are the prime factors of l?
5, 7
Let c = 2685 - 314. List the prime factors of c.
2371
Suppose -264 = -3*t + t. Let h be 14*(0 - (-12)/42). Suppose -h*r = -r - t. What are the prime factors of r?
2, 11
Let m(v) = -v**3 - 7*v**2 - 2*v - 11. Let n be m(-7). List the prime factors of 119 + n + -4 + 2.
2, 3, 5
Suppose -4*f + 1122 = 9*j - 4*j, 2*f + 4 = 0. List the prime factors of j.
2, 113
Let j be (440/32)/(1/24). Suppose 5*b + 0*b = t + j, 3*t - 264 = -4*b. What are the prime factors of b?
2, 3, 11
Let q be (4/(-1))/(1 - -1). List the prime factors of q/14 - 592/(-28).
3, 7
Let o(u) = 22*u**3 - u**2 + 12*u + 15. What are the prime factors of o(5)?
2, 5, 7
Let c be -2*2/((-2)/1). What are the prime factors of (1/c)/((-2)/(-268))?
67
Suppose 24 - 26 = -q, 3*q + 4374 = 5*l. List the prime factors of l.
2, 3, 73
Let a(n) = -n**2 + 20*n - 11. What are the prime factors of a(16)?
53
Let i = -1162 - -1899. List the prime factors of i.
11, 67
Suppose 191 = -4*o + s, -4*o - s = -5*s + 200. Let i = o + 85. What are the prime factors of i?
2, 19
Suppose 14*i = 120 - 120. Suppose 0 = -5*l + 186 - 56. Suppose -2*s - l + i = -2*g, 3*s + 27 = 2*g. List the prime factors of g.
2, 3
Suppose 2*y + 8*f = 1210, 0 = 8*y - 3*y - 5*f - 3100. List the prime factors of y.
617
What are the prime factors of (8/(-4) - (-16)/6)*5091?
2, 1697
Let z(w) be the first derivative of 1/3*w**3 + 3/2*w**2 - 6 + 3*w. List the prime factors of z(-4).
7
Suppose 521 = 5*q + 3*u + 120, 0 = -4*q - 4*u + 324. Suppose 4*x - q = 121. What are the prime factors of x?
2, 5
Let x(n) = 453*n - 479. What are the prime factors of x(9)?
2, 7, 257
Let m(a) = 3*a + 0*a - 5*a - 1. Let c(l) = 30*l + 51. Let y be c(-2). List the prime factors of m(y).
17
Let j(z) = -3*z**3 - 16*z**2 + 27*z + 6. List the prime factors of j(-11).
2, 883
Let x(h) = -81*h - 104. What are the prime factors of x(-2)?
2, 29
Let k(l) = 2*l**3 - 4*l**2 - 2*l + 2. Let h(w) = -w + 1. Let a(u) = 2*u - 11. Let j(y) = a(y) + 6*h(y). Let x be j(-2). What are the prime factors of k(x)?
2, 7
Let m = 6 - 0. Suppose 9 = x + 2*x. Suppose x*w = m*w - 63. List the prime factors of w.
3, 7
Suppose 0 = -55*i + 45117 + 25283. What are the prime factors of i?
2, 5
Suppose 5*u - 81 = 54. Let g be (-6)/4 + u/6. Suppose d - 80 = -g*d. List the prime factors of d.
2, 5
Let l(q) = 34*q**2 - 9*q. Let w be l(5). Suppose y = 5*z - 1187, 4*z - 5*y - w = 153. List the prime factors of z.
3, 79
Let d(p) = p**3 - 8*p**2 + 5*p - 11. Let z be (-144)/27*6/(-4). List the prime factors of d(z).
29
Let u = -50 - -272. List the prime factors of u.
2, 3, 37
Let y(x) = -x**3 - 5*x**2 + 2*x - 5. Suppose 5*o = -3*s + 35, -8 + 3 = o + 3*s. Let r be (-270)/50 - 6/o. What are the prime factors of y(r)?
19
Suppose -21*h + 15*h = -6360. List the prime factors of h.
2, 5, 53
Suppose -g + 6 = 2*g. Suppose -6*p + 36 = n - g*p, -2*n + 2*p = -122. What are the prime factors of n?
2, 7
Let f(c) = c - 10. Let y be f(6). Let z(t) = -t**3 - 6*t**2 - 10*t - 6. What are the prime factors of z(y)?
2
Let a = 1257 + -895. What are the prime factors of a?
2, 181
Suppose -18 = 7*a - 4*a. Let p be 34/(-6) - 4/a. List the prime factors of 1/p - (-186)/5.
37
Suppose 2*q - 3*z = -3*q - 11, 0 = q - 2*z + 5. List the prime factors of -4 - (-29 - (q - 0)).
2, 3
Let n(k) = -9*k + 6. Let o be n(-5). Let s = o - 35. Suppose s*a + 100 = 21*a. What are the prime factors of a?
2, 5
Let q(f) = f**2 - 3*f - 7. Suppose 3*n - 7 = 5. Let g be q(n). List the prime factors of g + 4/(-8)*-38.
2
Let r(p) = 5*p**2 - 3*p + 146. What are the prime factors of r(-12)?
2, 11, 41
Let k(c) = 21*c + 8. What are the prime factors of k(41)?
11, 79
Suppose 10 = -2*z - 2. Let v(x) = 29*x - 6*x + 6 - 14*x + 3*x**2. What are the prime factors of v(z)?
2, 3, 5
Let y = 4 - -984. What are the prime factors of y?
2, 13, 19
Let l(u) = u**2 - 19*u + 5. Let n be l(19). List the prime factors of (0 - 2)*(-516)/(-1 + n).
2, 3, 43
Suppose -2569 - 6323 = -9*t. What are the prime factors of t?
2, 13, 19
What are the prime factors of (20/(-6) - (-93)/31)*-5217?
37, 47
Let c(f) = f**3 - 8*f**2 - 9*f - 3. Let p be c(9). Let y(v) = v**3 + v**2 + v. Let t be y(-2). Let d = p - t. What are the prime factors of d?
3
Suppose -c + 5*v = 20 + 3, -2*c - 3*v + 19 = 0. Suppose 2*h = -0*j + c*j + 516, 3*h - j = 768. What are the prime factors of h?
3, 5, 17
Let u = -33 - -35. Let i be (-92)/20 - u/5. Let l(a) = 2*a**2 + 2*a - 3. List the prime factors of l(i).
37
Let q = 453 - 46. What are the prime factors of q?
11, 37
Suppose 99*g = 98*g + 1867. List the prime factors of g.
1867
Suppose -2*x + 1578 = l - 1196, -5*x = 4*l - 11099. List the prime factors of l.
2, 347
Let x = 20 + -11. Let u be (-60)/x*(-9)/5. List the prime factors of u/(-78) + (-966)/(-26).
37
Let q be (4/4 + -1)/1. Suppose q = -2*l + 30. What are the prime factors of l?
3, 5
Let a = 12985 + -20399. List the prime factors of (-2)/(-13) + a/(-143).
2, 13
Let c(w) = 3*w**2 - 34*w + 20. What are the prime factors of c(22)?
2, 181
List the prime factors of 14060/7 - (-1 + 48/84).
7, 41
Let u = -192 - -524. List the prime factors of u.
2, 83
Let j be (1/(-2))/((-1)/10). Let a = 237 + -77. Suppose -s = 2*s - v - a, -j*s + 260 = 5*v. List the prime factors of s.
53
Suppose 0 = 2*c + 5*l - 1516, -2*c - l - 95 = -1611. List the prime factors of c.
2, 379
Suppose -441 + 2291 = 10*l. What are the prime factors of l?
5, 37
Suppose s + 3*s - 1118 = -2*o, -5*s = 5. List the prime factors of o.
3, 11, 17
Suppose -y = 2*u - 25, -2*u + u - 4*y = -30. Let o be -1*u/(-2 + 0). What are the prime factors of -12*((0 - o) + 3)?
2, 3
Suppose -38 = -2*f + 390. Suppose -3*w - l = -215, -2*l = w + 2*w - f. List the prime factors of w.
2, 3
Let q(n) be the first derivative of n**6/180 - n**4/8 + 2*n**3 - 12. Let v(b) be the third derivative of q(b). List the prime factors of v(